Suppose 0 = 2*y, 5 + 7 = a - 4*y. Let s = p + a. Is 5 a factor of s?
True
Let q(m) = -2*m**3 - m**2 - 2*m - 1. Let z be q(-1). Let y be (1 - (-4)/z) + 60. Suppose -y = -3*w + 42. Is 11 a factor of w?
False
Let f(j) = 28*j - 3. Suppose 7*p - 9*p + 8 = 0. Let x be f(p). Is (-5)/10 - x/(-2) a multiple of 18?
True
Suppose -10*n - 58 = -8*n. Is (n/2)/((-3)/24) a multiple of 19?
False
Suppose -s - 7 = -6. Let o be (s - -1)*(-2)/(-6). Suppose o = -0*t - 2*t + 92. Is 23 a factor of t?
True
Suppose h + 4*h = 25. Suppose -4*u = -h*j, 2*j - 4*u = -j - 8. Suppose -24 = -2*o + d + 31, -j*d + 157 = 5*o. Is o a multiple of 8?
False
Let m(l) = 0*l**2 + 2*l**2 - 2 + 5 + 13*l**3 - 12*l**3. Let x be m(-2). Does 30 divide (95 + -3 - x) + 3?
False
Let m(c) = c**2 - 6*c + 4. Is m(-5) a multiple of 2?
False
Let y(w) = -w**3 + 5*w**2 - 5*w - 4. Let t be y(3). Is 16*((-10)/(-5) - t) a multiple of 24?
True
Let z(x) = -48*x - 224. Does 11 divide z(-12)?
True
Let p be 9*5/5*-1. Is 5 a factor of (p/2)/(4/(-24))?
False
Suppose 42 + 124 = f - 2*u, -4*u - 170 = -f. Is f a multiple of 18?
True
Suppose 2*b + b - 132 = 0. Suppose 4*x + 3*i + b + 38 = 0, 2 = -i. Let o = 35 - x. Is o a multiple of 9?
True
Suppose 2*v = a + 41 + 826, -v + 417 = 5*a. Is 9 a factor of v?
True
Let y = 981 - -350. Is 44 a factor of y?
False
Let s = 1086 - 750. Let r = -180 + s. Is r a multiple of 12?
True
Suppose 0 = d + 2*d - 3*y + 3, 3*y = -d + 3. Suppose -5*g = -3*z - 92, -4*g + d*g - 4*z = -48. Is g a multiple of 5?
False
Let w = 39 + -39. Suppose 2*s + 10 = w, -3*z - 5*s - 8 = -1. Is z a multiple of 4?
False
Let q be 144/60 - (-6)/10. Let o be 11/q - (-76)/57. Suppose -4*b - 96 = -o*b. Does 16 divide b?
True
Let y = 439 - 179. Does 14 divide y?
False
Let a = -341 - -620. Does 9 divide a?
True
Suppose 4*v - 34 = 66. Suppose -3*u - 135 = 5*f, 0*f + f + v = -u. Let l = -20 - f. Is l a multiple of 10?
True
Let t = 37 + -35. Suppose t*s = s + x + 47, 5*s + 2*x - 221 = 0. Is 9 a factor of s?
True
Let q = 4 + -36. Let m = -14 - q. Suppose -m = -2*c - 8. Is 5 a factor of c?
True
Suppose 0 = -34*y + 37*y + 6. Let s(c) = -6*c**3 - 9*c**2 + 5*c + 2. Let o(p) = p**2 - p. Let d(v) = 6*o(v) + s(v). Does 10 divide d(y)?
True
Let d = -2863 + 4337. Is d a multiple of 33?
False
Let b be 15/(-10) + (-30)/(-4). Let a(c) = 7 - b*c - c**2 + c - 4*c. Does 7 divide a(-7)?
True
Suppose u = 0, 3*x = 18*u - 15*u + 2475. Is 33 a factor of x?
True
Let y(w) = 5*w**2 + 47*w + 60. Let j(d) = -3*d**2 - 31*d - 40. Let v(z) = 8*j(z) + 5*y(z). Does 16 divide v(17)?
True
Suppose -4*p + y = -1623, -1201 = 11*p - 14*p + 4*y. Is p a multiple of 17?
False
Let c = -24 - -596. Is c a multiple of 44?
True
Suppose -4*l = 18*l - 836. Does 4 divide l?
False
Let i(g) = g + 16. Let l be i(-14). Let d(b) = 2*b + 3 - 1 + 6*b**2 - 2*b**2 - b**2. Does 6 divide d(l)?
True
Suppose 2*l - 3*h = l + 11, 0 = -l + 2*h + 8. Suppose 0 = -g - 0 + l. Suppose 1 + 27 = g*c. Does 5 divide c?
False
Suppose -2*z + 5*z = 9. Let t(u) = 9*u - 3. Let s be t(z). Suppose 2*c = -2*j - 0*j + s, -j = -4*c + 53. Is 7 a factor of c?
False
Suppose -12*w = -6*w - 1260. Does 10 divide w?
True
Does 9 divide ((-128635)/455)/((-2)/14)?
False
Suppose 18*d = 6213 + 699. Is d a multiple of 24?
True
Let l = -712 + 1964. Suppose -2048 = -10*c + l. Is 30 a factor of c?
True
Does 27 divide ((-24)/5)/((-24)/1080)?
True
Suppose y - 6*y + 200 = 0. Let g be (-4)/6 - y/(-15). Suppose 4*r - 20 = 0, -g*b - r = b - 71. Does 22 divide b?
True
Suppose y + 4*f = -0*y + 88, -f = 2*y - 183. Is y a multiple of 4?
True
Let w be 1 + 0 + 0 + -1. Suppose w = 2*y - 210 + 58. Is y a multiple of 13?
False
Suppose -22*s + 72 = -26*s. Let v(g) = -g + 10. Is v(s) a multiple of 14?
True
Suppose -t - p + 241 = 36, 4*t - 3*p - 785 = 0. Suppose 0 = z - 3*z + t. Is z a multiple of 23?
False
Suppose 6*d - 414 = 3*d. Suppose -3 = l - 9. Suppose -l = 2*g - d. Does 21 divide g?
False
Let c be 2/(-5) + 196/(-35). Does 3 divide (-15)/c - (-4)/8?
True
Let f = 62 - 12. Suppose 0 = -2*p + 5*a + 278, -f = 4*p + 5*a - 636. Is p a multiple of 36?
True
Suppose -5*k + k - 8 = 0, 0 = -5*m + 3*k + 21. Suppose m*h - 508 = 2*f, 5*f = 4*h + 6*f - 670. Is 30 a factor of h?
False
Let k be 527 - -3*(1 + -2). Suppose -2*i + 4*a = -342, k = 3*i + 5*a + 11. Is i a multiple of 15?
False
Let r(m) = 71 + 6*m + 5*m**2 - 33 - 32. Is r(-3) a multiple of 11?
True
Let y be 2/(-4)*4/(-1). Let z(g) = -3*g - 80. Let o be z(-40). Suppose -4*h - y*x + 60 = -3*x, 2*h - 3*x - o = 0. Is 3 a factor of h?
False
Let b = -113 + 122. Let q(p) be the third derivative of -p**6/120 + p**5/6 - p**4/3 - 5*p**3/6 - p**2. Is 2 a factor of q(b)?
True
Let n(o) be the third derivative of o**5/60 - 3*o**4/8 - 5*o**3/3 + o**2. Let b be n(11). Suppose b = x + 3*x. Does 3 divide x?
True
Let u(i) = 19*i**2 - 16*i - 55. Is 46 a factor of u(-4)?
False
Let l = 42 + -43. Does 20 divide (100*l)/(-2) + -22 + 25?
False
Let j(a) = -25*a - 1. Let u be j(-1). Let l = -40 + u. Let r = 4 - l. Is r a multiple of 5?
True
Let g = 80 - -784. Is 18 a factor of g?
True
Suppose 2*c - 185 + 7 = 0. Let k = 161 - c. Is k a multiple of 36?
True
Let w(c) = c + 8. Let g be w(7). Suppose i = -2*i + g. Suppose i*d + 15 = 0, 3*a - 4*d = -25 + 91. Is 7 a factor of a?
False
Suppose -4*q + 2*q = -8. Let h be 0/(2/q*2). Suppose 0 = -h*v - 4*v + 64. Is 8 a factor of v?
True
Let i(p) = p**3 + 2*p**2 - 4*p - 3. Let t be i(-2). Let h = 21 - 39. Is 7 a factor of (h/(-2))/(t/25)?
False
Let v(t) = -128*t**3 + 4*t**2 + 6*t + 3. Does 14 divide v(-1)?
False
Let o(d) = 3*d**2 + 141. Is 7 a factor of o(0)?
False
Suppose -s = -2*s - 110. Let u = s + 206. Does 24 divide u?
True
Is 5166/24*(-64)/(-24) a multiple of 41?
True
Let r(c) be the third derivative of -5*c**4/8 + c**3/3 + 4*c**2. Let u be r(1). Let i(s) = -2*s - 4. Is i(u) a multiple of 11?
True
Suppose v = -2*v + 5*s + 21, -5*v + 2*s + 16 = 0. Suppose h + d = -3*d + 83, 0 = -3*h + v*d + 193. Is 17 a factor of h?
False
Let m be (-1)/(-4) - 477/(-12). Suppose -24 = -2*h - i - 3*i, -2*h + 34 = -i. Let k = h + m. Is 21 a factor of k?
False
Suppose 4*p = v + 64, -2*p - 14 = -4*p - 4*v. Suppose -326 = -p*x + 304. Is 14 a factor of x?
True
Suppose -21 = -5*v + 6*v. Let l = 41 + v. Is l a multiple of 3?
False
Does 65 divide (-12)/(-9)*(-1167)/(-2)?
False
Suppose 0 = 2*v - 406 + 58. Is v a multiple of 29?
True
Is 41/(1435/(-42))*-405 a multiple of 8?
False
Let j(q) = -q**3 + 5*q**2 - 3*q - 2. Let u be j(4). Does 10 divide (u - ((-6)/2)/(-1))*-190?
True
Let k = -164 - -289. Suppose -5*c + 5*l + k = 0, -3*c = 2*c - 3*l - 117. Does 7 divide c?
True
Suppose 4*k = -b - 0*b, -k + 15 = 4*b. Suppose -3*m - g + 2*g = -2, -3*m + b*g - 10 = 0. Suppose -m*u + 57 = u. Does 15 divide u?
False
Is 15 a factor of (-5)/(25/(-5)) - -14?
True
Suppose 5*c - 923 = -4*m, -5*c - 2*m + 3*m + 913 = 0. Does 4 divide c?
False
Let f = -7 - -3. Let y be (5/2 - 2)/(20/(-800)). Is 10 a factor of f/((-1)/(-1)) - y?
False
Is (-6)/(-36) + (-395)/(-6) a multiple of 11?
True
Let w(b) = 2*b - 2. Let m be w(2). Let c be -3*(-10)/6 - -375. Suppose -c = -m*o - 2*o. Is o a multiple of 19?
True
Suppose 125*n = 127*n - 4*o - 1254, -5*n - 4*o = -3205. Is n a multiple of 9?
False
Suppose 0 = -11*o + 7*o - 52. Let x = o + 31. Does 5 divide x?
False
Suppose -4*b = -5*t + 9955, -10*t - 6*b = -5*t - 10005. Does 133 divide t?
True
Let o(k) = k**3 - 7*k**2 - 41*k + 233. Is o(12) a multiple of 4?
False
Let w be (-3 + -4 + -3)*-14. Suppose 54 = 2*n - 3*r, 0*n - 2*r = 4*n - w. Is 21 a factor of n?
False
Suppose -u - 3*f - 6 = -15, -2*u + 4*f - 12 = 0. Suppose u*w = -5*w - 95. Let j = 1 - w. Does 9 divide j?
False
Is 48 a factor of (-43 - -25)/(2 - (-605)/(-300))?
False
Suppose 37*p - 4*i = 32*p + 560, 0 = -5*p - 2*i + 530. Is 9 a factor of p?
True
Let n(g) be the first derivative of -8/3*g**3 - 4 - 1/4*g**4 - 1/2*g**2 + 3*g. Is 11 a factor of n(-8)?
True
Let x = -1308 + 1933. Is 9 a factor of x?
False
Let u = -264 + 481. Does 7 divide u?
True
Let p(j) = -j**2 - 37*j + 22. Is p(-19) a multiple of 28?
True
Let n = 64 + -64. Suppose -r + 49 = -n*g - g, 0 = 5*g - 5. Does 25 divide r?
True
Let m(g) = -16*g**3 - 5*g**2 - 39*g - 129. Does 18 divide m(-5)?
False
Suppose -2*j = 3*j - 15. Suppose 38 = 2*w + 2*y, -4*w + j*y - 5*y +